 0. Suppose 0 = -d*a - a + 87. What are the prime factors of a?
29
Let y be (-58)/(-18) + 10/(-45). Suppose y*w + 4*x = 243, 0*x = 2*w - 5*x - 162. What are the prime factors of w?
3
Suppose 2*y = -8 + 6. Let d(n) = 30*n**2 + 2*n + 1. What are the prime factors of d(y)?
29
Let s(c) = 56*c. Let p be s(6). Suppose -228 = -4*g + p. What are the prime factors of (4 - 6)*g/(-6)?
47
Let t = 14 - 9. Suppose 3*u - 2*j + 2 = 4, 4*u - t*j + 2 = 0. List the prime factors of u.
2
Let o = 751 - 367. What are the prime factors of o?
2, 3
Suppose q = -3*q + q. List the prime factors of 91 - 3 - (0 - q).
2, 11
Suppose -30*r + 5*r + 38075 = 0. What are the prime factors of r?
1523
Suppose 0 = 5*q - 721 - 1169. What are the prime factors of q?
2, 3, 7
Suppose u = 5*p - 24, -p - 4*p + 30 = 5*u. Let o = -2 + u. What are the prime factors of 15 + 1 + -4 - o?
13
Suppose r - 1728 = -3*x, -9*r - x - 1720 = -10*r. What are the prime factors of r?
2, 3, 7, 41
Suppose v = 3028 - 1066. List the prime factors of v.
2, 3, 109
Suppose 8*p = 9*p - 4. What are the prime factors of 27 + 0/(-6 + p)?
3
Let t(m) = m**2 + m - 2. Let u be t(-2). Suppose 0 = 3*a - u*a - 297. Suppose -4*b = -c - 0*b + 30, 3*b + a = 5*c. List the prime factors of c.
2, 3
Let d(g) = -19*g + 19. Suppose o + 15*o = -64. What are the prime factors of d(o)?
5, 19
Suppose 57*p - 310554 = -1728. What are the prime factors of p?
2, 3, 7, 43
Let u = 42 + -76. Let r be 4/30 + u/30. What are the prime factors of (0 - -72 - r)/1?
73
Suppose 5*x - 359 = g - 1688, 2*x = 5*g - 6622. List the prime factors of g.
2, 331
Let i be 85 - (-2 - -2)/(-2*1). Let r = i - 41. List the prime factors of r.
2, 11
Let r = 3300 + -2262. List the prime factors of r.
2, 3, 173
Let n(m) = 11*m**2 - 2*m + 25. Let o be n(-5). Suppose -134 - o = -6*v. List the prime factors of v.
2, 37
Let m(x) = -x**2 - 2*x + 58. Suppose 4*l - 3 = w, -l - 6 = -2*l + 2*w. List the prime factors of m(l).
2, 29
Suppose 0 = 4*o - 4*s - 9628, -4*o + 13646 - 4021 = -5*s. What are the prime factors of o?
2, 5, 241
Suppose u - 4*h - 3644 = 1952, u - 5556 = -4*h. List the prime factors of u.
2, 17, 41
Let c be (-2)/3 + -1*1220/6. Let k = -123 - c. What are the prime factors of k?
3
Let y(k) = -64*k - 16. List the prime factors of y(-6).
2, 23
Let t(c) = 12*c - 9. Let r be t(8). Let g(n) = n**3 + 8*n**2 + 5*n + 10. Let f be g(-6). Let q = r - f. List the prime factors of q.
5, 7
Let d = -713 - -1196. What are the prime factors of d?
3, 7, 23
Suppose 2*t - 3456 = -6*t. What are the prime factors of t?
2, 3
Let m(g) = -8*g + 93. List the prime factors of m(-23).
277
Suppose 4*j - 5*o + 3*o - 17794 = 0, 0 = 5*j - 4*o - 22235. What are the prime factors of j?
4451
Suppose 0 = -4*b + 2*b + 5*j - 93, 60 = -b - 2*j. Let l be (b/(-24))/((-2)/(-8)). Suppose 12 = 2*n + o, -l = -3*n - 3*o + 6*o. What are the prime factors of n?
5
Let f(j) = 2 + 17*j**2 + 2*j**3 - 2*j - 1 - 15*j**2. Let a be f(1). Suppose 0 = -a*t + 129 + 51. What are the prime factors of t?
2, 3, 5
Let l = 11418 - 7951. What are the prime factors of l?
3467
Suppose 18*a + 8474 = 36680. List the prime factors of a.
1567
Let y be (1 + 3/(-6))*(22 - -4). List the prime factors of (-4 - (4 - y)) + 53.
2, 29
List the prime factors of (-2)/6 + (-4 - 1970/(-15)).
127
Suppose -58 - 12 = -2*l. Suppose -3*q + m - l = -5, -4*q - m - 33 = 0. List the prime factors of 54/(-7)*42/q.
2, 3
Let q(g) be the second derivative of -g**3/3 + 2*g**2 - 11*g. Suppose -t + 24 = -5*t. List the prime factors of q(t).
2
What are the prime factors of 5*(-4)/(-100)*2285?
457
Let d(x) = -16*x - 13. Let a be d(19). Let p = a - -499. What are the prime factors of p?
2, 7, 13
Let l(y) be the first derivative of y**4/4 + 8*y**3/3 + y**2 + 15*y + 11. Let k be l(-8). What are the prime factors of -3 + k + (33 - -13)?
2, 3, 7
What are the prime factors of ((-19456)/160)/(-3 + (-39)/(-15))?
2, 19
Let p = -317 - -468. Let n = p - 90. Let x = 92 - n. What are the prime factors of x?
31
Suppose w + 5*i = 1296, -92*w + 94*w - 3*i - 2618 = 0. List the prime factors of w.
2, 653
Let l(m) = -m**3 - 4*m**2 - 2*m + 3. Let a be l(-3). Suppose -5*x - 20 = a, -3*w - 6*x + x = -286. What are the prime factors of w?
2, 3, 17
Suppose 0 = 2*o + 131 - 485. Let q = o - 79. List the prime factors of q.
2, 7
Let w = 22 - 7. Suppose i - 2*i = 3*u - w, 3*i - 24 = -2*u. What are the prime factors of i?
2, 3
Let s = -16 - -40. Let h be (3 + s)/3 + 2. Suppose 0 + h = g. What are the prime factors of g?
11
Let c = 403 + 170. List the prime factors of c.
3, 191
Suppose -74 = -3*r + 2*r. Suppose -154 = -6*o + r. What are the prime factors of o?
2, 19
Suppose 0 = g - 1 - 4, 20 = 2*i + 4*g. Suppose 2*y - 9 - 7 = i. List the prime factors of y.
2
Suppose -5121 = -5*o - b, -4*b = -5*b + 1. List the prime factors of o.
2
Let g be (36/15)/(2/(-60)*4). What are the prime factors of (1/(12/g))/(3/(-304))?
2, 19
Suppose 0 = 2*v - 4*i - 26, 2*i - 39 = -3*v - i. Let z(p) = p - 3 + v - 3*p + 4*p. List the prime factors of z(6).
2, 11
Let i(m) = -2*m**3 - m**2 - 3*m - 3. Let o = 45 + -49. What are the prime factors of i(o)?
11
Let n(h) = 5 + 20*h**3 - 2*h + 0 - 22*h**3 - 6*h**2 + 2. List the prime factors of n(-4).
47
What are the prime factors of (1482/513)/(1/117)?
2, 13
Let t(h) = -2*h + 13. Let l be t(6). Suppose -2*b + 9 = 3*v, -4*v - 7 = -4*b + l. What are the prime factors of (23/(-1)*v)/(-1)?
23
Let q(w) = -w**3 - 12*w**2 - 6*w + 16. Let j(n) = -2*n**3 - 23*n**2 - 12*n + 32. Let h(c) = 2*j(c) - 5*q(c). What are the prime factors of h(-11)?
281
Let a(h) = -2*h**2 + 8*h**2 - 4 + 4*h**3 - 5*h**3. Suppose 0 = -2*c, 0 = 2*o + 3*c - 1 - 7. What are the prime factors of a(o)?
2, 7
Let l = -3681 - -6582. List the prime factors of l.
3, 967
Suppose 5*w - 148 - 4026 = d, 5 = 5*d. List the prime factors of w.
5, 167
Suppose -3*i + 10 = -2*j, -2*i + j - 4*j = -11. Let x(q) = 5*q**2 - 4*q + 7. List the prime factors of x(i).
71
Suppose -3*v + 133 = y - 245, 2*v = 3*y - 1156. List the prime factors of y.
2, 3
What are the prime factors of 849 - (-2 - -1)/((-1)/(-4))?
853
Let o = -6 + 7. Let d be ((-4)/12)/(o/(-93)). Suppose -3*s + d = -11. What are the prime factors of s?
2, 7
Let c = 35 - 35. Suppose c = -4*p + 55 - 3. List the prime factors of p.
13
Suppose -4*z + 21 = w, -4*z = -w - w - 18. Let y be 27/6 - w/(-2). Suppose d = 3*d - 4*o - 56, 0 = -y*d - o + 173. What are the prime factors of d?
2, 17
Let k(v) = 12*v - 7. Let h be k(1). Suppose -h*m - 3*j + 57 = -573, -5*m + 630 = j. List the prime factors of m.
2, 3, 7
Suppose -4*j = -2*p - 2*p + 208, -4*p = j - 213. What are the prime factors of p?
53
List the prime factors of (-16244)/(-10) - (-110)/(-275).
2, 7, 29
Suppose 3*b + 194 = 4*s + b, -152 = -3*s - 5*b. List the prime factors of 971/7 - (-14)/s.
139
Let d be 226/(-6) - 1/3. Let z = -28 - d. What are the prime factors of z?
2, 5
Suppose -2*g + 4*j = -832, 4*g - 1644 + 10 = -2*j. List the prime factors of g.
2, 5, 41
List the prime factors of -2*1791*(48/(-9) - -5).
2, 3, 199
Suppose -4*k + 18 = -3*k. Let n be 567/k + 1/2. Let z = 8 + n. List the prime factors of z.
2, 5
What are the prime factors of (10 - 3) + -10 + (5198 - -1)?
2, 3, 433
List the prime factors of 254*((-5)/(-10)*-6 + 5).
2, 127
Let m(x) = 5 + 11*x**2 + 5 - x - 2*x - 3*x**2. What are the prime factors of m(3)?
73
Let i(r) = 23*r**2 - 5*r - 5. Let o be -1 + (1/(-4))/(14/56). List the prime factors of i(o).
97
Suppose 0 = 4*x + 1 + 11. List the prime factors of ((-1)/2)/(x/318).
53
Let z(b) be the first derivative of -b**3/3 - 5*b**2 - 4*b - 1. Let d be (-2*3/18)/((-3)/(-63)). List the prime factors of z(d).
17
Let f = -2785 + 6304. What are the prime factors of f?
3, 17, 23
Suppose -3*q = 12, -4*q = -u - 8*q + 4023. List the prime factors of u.
7, 577
Let r(q) = 2*q + 13. Let y be r(-5). Let a be ((-1)/y)/((-3)/18). Suppose -133 = -3*t - 5*h, 2*t - 11 - 51 = a*h. What are the prime factors of t?
2, 3
Let y = -875 - -1564. List the prime factors of y.
13, 53
Suppose -78*l + 73*l - 15 = 0. Let m(s) = 12*s**2 + s - 9. List the prime factors of m(l).
2, 3
Suppose -5*i - 2*p = -3769, 9 = 3*p + 3. What are the prime factors of i?
3, 251
Suppose 2*p + 5*r = 23, 4*p - r = 4*r + 1. Let f be (-2)/(p/(-86)) - 3. Let b =